the prime factors of 17 + q/12*3.
2, 3
Let w = 7 - 18. Let c be (-2)/w + (-60)/(-33). Suppose -c*a + 6 = -a. What are the prime factors of a?
2, 3
Suppose 3*q = 5*t + 7, 3*q + 3*t + 39 = -q. Let u = 4 - q. What are the prime factors of u?
2, 5
Let q be -1 - (2 - 3)/1. Suppose -3*u - 34 = -2*f - 4, q = 3*u + 6. What are the prime factors of f?
2, 3
Suppose -x - x + 4*c = -20, -3*c - 3 = 0. Let r = x + -1. List the prime factors of r.
7
Let y(d) = -d + 18. Let f(a) = -a + 9. Let h be f(9). List the prime factors of y(h).
2, 3
Let c be (4/(-2) + 1)*-9. Let p(u) = u**2 - 7*u - 13. Let l be p(c). Suppose -5*w + l*s + 5 = 0, -3*w = -2*s + s - 7. List the prime factors of w.
3
Let d = -15 + 17. Let p(i) be the second derivative of 2*i**3/3 + i**2/2 + i. What are the prime factors of p(d)?
3
Let i be 2/9 + (-4)/18. List the prime factors of (3 - i)/(9/69).
23
Suppose 3 = r + 2. What are the prime factors of -3 - (-30)/(r - -2)?
7
Let t(h) be the first derivative of -11*h**3/6 - h**2/2 - 2*h + 1. Let k(x) be the first derivative of t(x). List the prime factors of k(-1).
2, 5
What are the prime factors of (-10)/(15/20*(-4)/6)?
2, 5
Let l(c) = -c**2 - 15*c + 9. Let w be l(-13). Suppose 30 = 3*v + 5*n - w, -4*v = 5*n - 80. What are the prime factors of v?
3, 5
Suppose -9 = 4*m - 1. Let y(f) = 12*f + 8. Let b(i) = 3*i + 2. Let w(p) = -9*b(p) + 2*y(p). List the prime factors of w(m).
2
Let q be 4/((-2)/6*-2). Let m(v) = -v**3 + 7*v**2 - 6*v + 3. Let r be m(q). Suppose 5*h - 3*c = 38, h - 3*c + 7*c - r = 0. List the prime factors of h.
7
Suppose -3*q - w - 117 = 2*w, -q - 2*w - 36 = 0. Let f = 14 + q. Let b = 39 + f. What are the prime factors of b?
11
Suppose 3*q = 3*z + 120, z - 4*q = -2*z - 124. Suppose 3*p + 3*n + 72 = 0, 4*n = -0*n - 8. Let f = p - z. What are the prime factors of f?
2, 7
Let d(r) = 5*r - 6. Let m(o) = 6*o - 7. Let f(z) = -5*d(z) + 4*m(z). Let g = -22 + 12. What are the prime factors of f(g)?
2, 3
Suppose 24 = 2*o - 0*o. What are the prime factors of -3*(80/o)/(-2)?
2, 5
Suppose 4*m = 6*m - 126. What are the prime factors of m?
3, 7
Suppose 0 = 3*m - 5*f - 3 + 5, 0 = -2*m + f + 1. Suppose -5*l = -m - 14. Suppose l*n - 7 - 5 = 0. List the prime factors of n.
2
Let x(q) = -7*q - 7. What are the prime factors of x(-6)?
5, 7
Let s be (3 + -30)/((-3)/2). Suppose -3*t - 4*n = -9 + 76, 0 = -2*t + 4*n - s. Let z = t + 26. List the prime factors of z.
3
Let y = -14 - -19. Let t = 0 + 1. Suppose -b - t = -y. What are the prime factors of b?
2
Let r(k) = -k**3 - 3*k**2 + 6*k - 7. Suppose -36 = 3*o - 6*o. Suppose 2 = 2*y + o. List the prime factors of r(y).
13
Let o be 4/18 + 374/18. Suppose 3*n - o = 12. List the prime factors of n.
11
Suppose g - l - 10 = 0, 4*g - 50 = 2*l - 3*l. List the prime factors of g.
2, 3
Suppose 228 = 11*o - 5*o. What are the prime factors of o?
2, 19
Suppose -124 - 21 = -5*q. List the prime factors of q.
29
Let d(c) = -17*c + 9. List the prime factors of d(-6).
3, 37
Let y be 0/(2/2 + 0). Suppose y = -a + 3 + 2. List the prime factors of a.
5
Let y(k) = 2*k**2 + 2. Suppose -4 = -3*v + v. Let t be y(v). Suppose -4*f - 47 - t = -5*b, -5*b + 71 = 3*f. List the prime factors of b.
13
Suppose -4*y + 68 = -0*c + 3*c, -c = y - 22. What are the prime factors of c?
2, 5
Suppose -7*l - 495 = -12*l. What are the prime factors of l?
3, 11
Let v(z) be the third derivative of -z**5/60 - 7*z**4/24 + z**3/6 + 5*z**2. List the prime factors of v(-6).
7
Suppose -r + 1 = -8. What are the prime factors of r?
3
Let a = -2 - -9. List the prime factors of a.
7
Let v be 6/(-9) + 2/3. Suppose v*i = 4*i - 16. What are the prime factors of i?
2
Let q(p) = -2*p + 8. Let c be q(6). Suppose -2*x + 0*l = -l - 15, -x + 4*l = -4. Let m = x - c. List the prime factors of m.
2, 3
Suppose -c = c - 8. Suppose -c*p + 0*p + 28 = 0. What are the prime factors of p?
7
Suppose -17 = 6*s - 773. List the prime factors of s.
2, 3, 7
Let j(l) = l**2 - 2*l + 3. Let i = 6 + -4. Let w be j(i). Suppose w*h - 2*k = 58, 38 = 4*h - 2*k - 38. What are the prime factors of h?
2, 3
Let y = -3 - -9. List the prime factors of y*(56/6)/2.
2, 7
Suppose -2*k - 40 = -2*m, 2*m - 70 = -3*k - k. List the prime factors of 9/(-27) - m/(-3).
2
Suppose 4 = 2*i - 4*s, -5*i + 5*s + 2 + 3 = 0. Suppose -5*t = 10, 3*r - 24 + 1 = -2*t. Let p = r - i. What are the prime factors of p?
3
Let a be (12/(-5))/(3/(-10)). Let f = a - 4. Suppose m = 5*s - 30, f*s = -4*m + 15 + 9. What are the prime factors of s?
2, 3
Let p(d) = -d - 9. Let z be p(-13). Suppose -3*t + 46 = z. List the prime factors of t.
2, 7
Suppose p = z + 6, -4*z = p - 0*p - 1. Suppose -5*a - 3*x = -20, 3*a - p*x - 12 = -0. List the prime factors of a.
2
Suppose m - 3 = -2*m. Let j be 0/(3 + (-1 - m)). Suppose j = -2*w - 3*w + 30. What are the prime factors of w?
2, 3
Let g = -23 - -36. Suppose -t + g = -2*t. Let w = 20 + t. List the prime factors of w.
7
Suppose -2*y - 5*u - 5 - 2 = 0, 5*y + 9 = -4*u. List the prime factors of 2 - (2 - y - 5).
2
Let j(w) = -11*w - 62. List the prime factors of j(-9).
37
What are the prime factors of (-7 + 11)*11/2?
2, 11
Let z(p) = p**3 + 6*p**2 + 6*p + 4. Let o be z(-5). List the prime factors of 30/(-1*(o + -1)).
3, 5
Suppose -6*p + 380 = 86. List the prime factors of p.
7
Suppose -u + 4 = -3*u. Let i = -2 - u. Suppose -5*w + w + 20 = i. List the prime factors of w.
5
Let u(n) = -19*n**2 - 7*n - 6. Let k be u(-4). Let h be k/(-54) - 4/18. Suppose m - 4*o + 13 = 0, 3*m + h*o - 32 = -m. What are the prime factors of m?
3
Suppose 5*b + 103 = 2*r, -55 = 5*b - r + 49. Let s = b - -52. List the prime factors of s.
31
Let r be -2 + -1 - -5 - 0. Suppose 0 = 5*q + r*h - 73, 3*q - 6*q + 46 = -h. What are the prime factors of q?
3, 5
Let g be 0/((1 + 0)/(-1)). Suppose g = -l - 2*l + 9. List the prime factors of l.
3
Suppose -23 = 2*s + 5. Let b = s + 33. What are the prime factors of b?
19
Suppose -3*g + 2*x + 16 = g, 4*g = 5*x + 10. Let k = g - 1. Suppose 27 = k*n + 7. What are the prime factors of n?
5
List the prime factors of -3 - 40/(4/(-4)).
37
Let z = 47 + -33. Suppose 1 = d + 4*v, 3*d - z = -0*d - v. What are the prime factors of d?
5
Let p = -2 + -6. Let s(i) = i + 11. Let u be s(p). Suppose d + u*m - 11 - 1 = 0, -5*d + 26 = -2*m. What are the prime factors of d?
2, 3
What are the prime factors of ((-29)/1 + 3)*15/(-6)?
5, 13
Let x(s) = s**3 + 28*s**2 - 35*s + 86. What are the prime factors of x(-29)?
2, 5, 13
Suppose -p + 2 = -2*l, 0*p - 4*l = 3*p + 4. Suppose p = y - 6 - 12. List the prime factors of y.
2, 3
Suppose 4*j - 163 = 1. List the prime factors of j.
41
Let k(n) = n - 8. Let z be k(8). Suppose z = 4*h - 33 - 23. List the prime factors of h.
2, 7
Let d = -9 + 13. List the prime factors of 2 + -3*d/(-6).
2
Suppose -s = -4*s - 30. Let d(i) = -2*i + 7. What are the prime factors of d(s)?
3
Let l = 44 - 19. Suppose -2*q + 18 + l = 5*u, 0 = -5*q - 2*u + 55. List the prime factors of q.
3
Let f(j) = -8*j - 7*j + 15*j + 5 + 2*j. What are the prime factors of f(9)?
23
Let u(i) = 10*i + 76. List the prime factors of u(14).
2, 3
List the prime factors of (36*-6)/(-4) - 1.
53
Suppose 4*j + l = 96, -3*j - 37 = 5*l - 92. What are the prime factors of j?
5
Let w(o) = 2*o**2 + 10*o - 3. What are the prime factors of w(-7)?
5
Let u = 52 - 29. Let v = -1 + u. List the prime factors of v.
2, 11
Let s be 6 + 1*1*-1. Let t(f) = -f**2 + 5*f - 4. Let k be t(4). Suppose -5*m + s = 5*c, m + c + c = k. List the prime factors of m.
2
Suppose 4*y - 744 = -2*y. List the prime factors of y.
2, 31
Suppose 65 = 4*t - 123. What are the prime factors of t/5 + (-6)/15?
3
Let s = -36 - -67. List the prime factors of s.
31
Suppose 29 = 5*z - 4*z. List the prime factors of (z + 1)/(12/8).
2, 5
Suppose 5*w - 61 = -4*q + 15, w + 3*q - 13 = 0. List the prime factors of 466/10 + w/40.
47
Let t = -61 - -95. List the prime factors of t.
2, 17
Suppose l = -3*l + 4*z + 24, 2*z + 8 = 0. List the prime factors of l.
2
Suppose 0 = -5*b - 3 + 33. Let p = b - -10. List the prime factors of p.
2
Suppose 10*v + 75 = 5*v. What are the prime factors of (-4)/(-3)*v/(-2)?
2, 5
Let c(b) = -10*b. Let k be c(1). Let j be (-4)/10 + (-204)/k. Let x = -10 + j. List the prime factors of x.
2, 5
Let d(j) = -j**3 + 15*j**2 + 25*j - 25. What are the